3 + 14*w**2 + w + 17. Let a be v(-14). Suppose -8*p + 105 = -a*p. Let g be (3 + -5)/(2/(-84)*4). Calculate the highest common divisor of p and g.
21
Let n = -224 - -219. Let p be n/20*-20 - 1*-10. What is the greatest common divisor of 105 and p?
15
Let m = 250 - 248. Let q be (8 - (-5 - -12))/(m/86). What is the highest common divisor of 86 and q?
43
Let d = 213 - 193. Suppose 0 = 2*l - 0 - 2. Let j be -19 + 16 + (l - -102). What is the greatest common divisor of j and d?
20
Let m be (0 - -4) + -14 + 22. Let c(w) = 97*w**3 + 2*w**2 - 2*w + 1. Let b be c(1). Let t be 1/m*b - 1/6. Calculate the highest common divisor of t and 88.
8
Let r(i) = 3*i**2 - 13*i - 16. Let z(p) = 3*p**2 - 15*p - 16. Let g(c) = -5*r(c) + 6*z(c). Let w be g(11). What is the greatest common factor of w and 24?
24
Let p = -63 + 70. Let y(a) be the third derivative of 11*a**4/24 - 40*a**3/3 - 37*a**2. Let m be y(13). Calculate the highest common divisor of p and m.
7
Suppose -2*q + 10*m + 1297 = 13*m, -2*m = q - 651. Calculate the highest common divisor of 1 and q.
1
Suppose 3*f = 3, 12*p = 11*p - 2*f + 6. Suppose -3*n - 39 + 14 = -b, 70 = 5*b - p*n. What is the greatest common divisor of b and 90?
10
Let z = -11 + 79. Let w = -40 + z. What is the highest common factor of 21 and w?
7
Let g = -4509 + 4565. Calculate the greatest common factor of 7 and g.
7
Let d be 8/(56/147) - 7. Suppose -47 = d*g - 89. Suppose -5*j - 2 = -32. Calculate the greatest common factor of g and j.
3
Let j be 44352/121 - 66/121. Calculate the highest common divisor of j and 12.
6
Let a(j) = -4*j**3 - 23*j**2 + 10*j - 21. Let g be a(-8). Calculate the greatest common factor of g and 323.
19
Let m(n) = n**3 + 49*n**2 + 94*n + 40. Let v be m(-47). Let y(r) = 2*r + 9. Let i be y(10). Suppose c = 31 + i. Calculate the highest common factor of v and c.
20
Suppose -2*y - 5*t = -5262 - 601, 0 = -t - 5. What is the greatest common divisor of 128 and y?
128
Let c = 4896 + 934. Calculate the greatest common factor of c and 110.
110
Let d be (-2)/(-5 + 34006/6804). What is the greatest common factor of d and 12?
12
Suppose 252 = 7*y - 98. Suppose -4*a = -3*f - 51, 5*a + 25*f = 26*f + y. Suppose 4*d - 34 - 218 = 0. Calculate the greatest common divisor of a and d.
9
Let c be (12/(-15))/(5/(-325)). Let p = 65 - c. Suppose -4*s + 63 = 5*y, s = -0*y - y + p. What is the greatest common divisor of 99 and y?
11
Suppose 4*k + 26*g - 25*g - 2206 = 0, 550 = k + g. What is the greatest common divisor of 216 and k?
24
Suppose 0*r + 714 = 6*r + 2*w, 5*r + 3*w = 591. What is the greatest common divisor of 4488 and r?
24
Let g(u) = -u**3 + u**2 - 6*u - 2. Let m be g(-3). Let l be 2/7 - (-3484)/938. Calculate the highest common factor of m and l.
4
Let g = -191 + 161. Let z(o) = -o**2 - 38*o - 2. Let d be z(g). What is the greatest common factor of 34 and d?
34
Suppose 4*w = 5*t - 8*t + 33719, -3*t = -5*w + 42115. Calculate the highest common factor of w and 44.
22
Let h(m) = -35*m + 17. Let q be h(-9). Let z = q + -68. Suppose 0 = 7*f + f - z. What is the highest common divisor of 363 and f?
33
Let d(u) = -3*u**3 - 6*u**2 + 5*u + 5. Let v be d(-5). Let b = 6752 + -6747. What is the greatest common factor of b and v?
5
Let i be 54/45 + (42145/(-25))/(-1). Calculate the greatest common divisor of 7 and i.
7
Let a be 1/45*-3 - (-62)/30. What is the highest common divisor of 722 and a?
2
Suppose -355 = 22*s - 1499. Calculate the highest common factor of 897 and s.
13
Let u be 309/(-1339) - 393/(-13). Calculate the highest common divisor of u and 555.
15
Let l(n) = 4*n + 33. Let j be l(0). What is the highest common factor of 1364 and j?
11
Let p = -13596 - -13680. Calculate the highest common divisor of 31836 and p.
84
Suppose 0 = -r + 4*t + 88 - 6, -5*t = -r + 82. What is the highest common factor of 697 and r?
41
Suppose 0 = -4*l - 11*l + 620 - 50. Calculate the highest common factor of 1767 and l.
19
Suppose -6*w + 16 = -5*w. Let b = 197 - 53. Calculate the highest common divisor of b and w.
16
Suppose 3*j + 5*s = 589, -6 = 2*j - 4*s - 406. Let a be ((-10)/(-8))/(25/24 - 1). Let h = a - 12. Calculate the highest common divisor of j and h.
18
Let x(a) = -73*a + 712. Let j be x(9). What is the highest common divisor of j and 165?
55
Let q be (-2240)/(-75) - (-4)/30. Suppose 3*n = 9*n - q. Let s be (-4)/6*(-8 + n). Calculate the greatest common factor of 16 and s.
2
Let x = -241 - -296. Let c = 21 + x. What is the highest common divisor of c and 266?
38
Let t(o) = -o - 31. Let m = -597 - -556. Let v be t(m). Calculate the greatest common divisor of v and 110.
10
Let k be ((-5)/(-10))/(29/6902). What is the greatest common factor of k and 42?
7
Suppose 29*a - 11*a + 126 = 0. Let b(l) = -l**3 - 9*l**2 - 21*l - 36. Let x be b(a). What is the greatest common factor of 117 and x?
13
Let n(i) = 28*i**3 - 79*i + 79. Let d be n(1). Suppose -c = -3*c + 70. Calculate the highest common factor of d and c.
7
Suppose 61 = 2*i - w, -2*i + 5*w = -112 + 31. Let b = 11078 - 11001. What is the highest common divisor of i and b?
7
Suppose -6*n = -n + 25, 0 = -4*u - 5*n + 1847. Let h = 110647 + -110621. What is the greatest common divisor of u and h?
26
Suppose 0 + 3 = 3*k. Let s be 4 + 1*(-10)/(-10). Let h(z) = z**3 - 2*z**2 - 14*z + 11. Let q be h(s). Calculate the highest common factor of q and k.
1
Suppose 5790 = -246*d + 9098 + 8500. Calculate the highest common divisor of d and 32.
16
Let d be -2*(-2)/8*3370. Let p be 9/(-6)*(d/(-15) - -5). Let z(t) = 4*t**3 - 2*t**2 - 1. Let q be z(2). What is the highest common divisor of p and q?
23
Let x be 8/28 + (-9300)/14 + -2. Let s = x + 708. What is the highest common divisor of s and 63?
21
Let r(k) = 19*k - 974. Let d be r(54). What is the highest common factor of d and 4316?
52
Let z(a) = 102*a - 1110. Let r be z(12). Suppose -6 = 3*s, -2*f - 5*s + 20 = 3*f. Calculate the highest common divisor of r and f.
6
Let d(b) = 2*b**3 + 13*b**2 + 9*b - 80. Let k be d(8). Calculate the highest common divisor of k and 3168.
264
Let n = -117 + 120. Let v(a) = 2*a + 0*a - 4*a**3 + 5*a**3 - a**2. Let x be v(n). What is the greatest common divisor of 18 and x?
6
Let h be (0 - -64) + -2 + 1. Suppose -2*u - u + h = 0. Let o = 105 + -102. Calculate the highest common factor of o and u.
3
Let m(i) = i**3 - 8*i**2 - 4*i + 7. Let h be m(9). Let g = -21 + h. Let x be 0/((-2)/2) - (28 - g). Calculate the highest common divisor of x and 2.
1
Let y(r) = -r**2 + 54*r + 1986. Let v be y(-25). Let f(q) = -q + 5. Let m = -3 - -7. Let z be f(m). Calculate the greatest common factor of v and z.
1
Suppose 3*h - 360 = -4*t, 0 = -3*h + 2*t + t + 360. Suppose -2*o + 26 = 2*s - 140, 2*s + 5*o - 175 = 0. Calculate the highest common divisor of s and h.
40
Let u be (-1472)/(-12) + (-4)/6. Suppose -52*d + 9506 + 30754 = 80*d. What is the highest common divisor of d and u?
61
Let x(d) = -3*d**2 - 12*d + 29*d**2 + 0*d**3 + d**3 - 10*d**2 + d + 9. Let h be x(-16). What is the highest common divisor of h and 111?
37
Suppose -77*o + 5*m = -76*o - 76, 22*o - 3*m = 816. Suppose 2*x + 3*x = 630. Calculate the greatest common divisor of o and x.
18
Let r = -4 + 6. Suppose -7*c - 60 = -5*b - 12*c, 4*c = r*b - 30. Suppose -2*j = -163 - 71. Calculate the highest common factor of j and b.
13
Suppose 2*x - g = 73, -2*g - 34 = 3*x - 126. Suppose -x*r = -61*r + 378. Let k = -9 - -15. Calculate the highest common divisor of k and r.
2
Suppose -3910*r - 1680 = -3841*r - 9891. What is the highest common divisor of r and 425?
17
Suppose 1190*p = 1164*p + 20384. Calculate the greatest common factor of p and 1225.
49
Let l = -18136 - -18185. Calculate the greatest common factor of 623 and l.
7
Let z(f) = 8*f - 57. Let n be z(17). Suppose 78*u = n*u - 2. Suppose -u*a = -9*a + 315. Calculate the greatest common factor of a and 15.
15
Let i = 11271 + -11064. Let b(w) = 3*w**3 - w**2 - 2*w + 2. Let t be b(2). What is the highest common factor of i and t?
9
Let b(m) = 30*m**2 + 1357*m + 5437. Let g be b(-4). Calculate the highest common divisor of 3749 and g.
163
Suppose 0 = 2*d + 4, -3 = -4*l - d + 67. Suppose 27*y - 22*y + 3*u + 3 = 0, -17*y + 4*u + 217 = 0. What is the highest common factor of l and y?
9
Let i = 123 - 251. Let p be i/(-8) + (-3 - 1).